 the greatest common divisor of 86 and 8299?
43
Calculate the highest common factor of 11 and 77.
11
What is the greatest common factor of 72 and 112?
8
What is the greatest common divisor of 28 and 994?
14
Calculate the greatest common factor of 324 and 20.
4
What is the highest common divisor of 5 and 9?
1
What is the greatest common divisor of 12 and 3?
3
What is the greatest common divisor of 3904 and 56?
8
Calculate the greatest common factor of 24 and 64.
8
Calculate the greatest common factor of 102 and 102.
102
What is the highest common divisor of 51 and 221?
17
Calculate the greatest common divisor of 123 and 451.
41
Calculate the highest common divisor of 610 and 190.
10
Calculate the highest common divisor of 304 and 1088.
16
What is the greatest common factor of 22 and 154?
22
What is the greatest common divisor of 34691 and 226?
113
What is the greatest common factor of 495 and 315?
45
What is the highest common factor of 11 and 44?
11
Calculate the highest common divisor of 931 and 49.
49
Calculate the greatest common divisor of 825 and 407.
11
What is the highest common factor of 58 and 493?
29
Calculate the greatest common divisor of 3339 and 9.
9
Calculate the greatest common factor of 294 and 18.
6
Calculate the greatest common factor of 1830 and 60.
30
Calculate the highest common divisor of 111554 and 34.
34
What is the greatest common divisor of 328 and 123?
41
Calculate the highest common factor of 10 and 185.
5
Calculate the greatest common factor of 129 and 43.
43
Calculate the highest common divisor of 540 and 12.
12
Calculate the greatest common divisor of 514 and 57825.
257
What is the highest common factor of 2597 and 245?
49
Calculate the highest common divisor of 414 and 23.
23
Calculate the highest common divisor of 144 and 1952.
16
Calculate the greatest common factor of 16 and 1288.
8
Calculate the highest common factor of 1870 and 85.
85
Calculate the greatest common divisor of 132 and 33.
33
What is the greatest common factor of 504 and 1068?
12
What is the greatest common factor of 690 and 966?
138
Calculate the highest common divisor of 195 and 2613.
39
What is the highest common factor of 27 and 45?
9
What is the greatest common factor of 13 and 143?
13
What is the greatest common factor of 76 and 209?
19
Calculate the highest common divisor of 3686 and 76.
38
What is the highest common divisor of 81 and 36?
9
Calculate the highest common factor of 51 and 48.
3
What is the greatest common divisor of 68 and 2482?
34
Calculate the highest common divisor of 62 and 713.
31
Calculate the highest common divisor of 4333 and 14.
7
What is the highest common factor of 24 and 1002?
6
What is the highest common factor of 35 and 14?
7
Calculate the greatest common factor of 63 and 14.
7
What is the highest common divisor of 3648 and 57?
57
What is the highest common factor of 315 and 245?
35
What is the greatest common factor of 119 and 3213?
119
What is the greatest common factor of 126 and 198?
18
Calculate the highest common divisor of 33 and 5742.
33
Calculate the highest common divisor of 28 and 805.
7
Calculate the highest common factor of 35 and 2639.
7
What is the greatest common divisor of 11 and 53471?
11
What is the highest common divisor of 29 and 145?
29
Calculate the highest common factor of 31 and 49073.
31
Calculate the greatest common factor of 870 and 36.
6
Calculate the highest common divisor of 31137 and 291.
291
Calculate the highest common factor of 16 and 36.
4
What is the highest common factor of 304 and 3724?
76
Calculate the greatest common factor of 288 and 216.
72
What is the greatest common factor of 14271 and 639?
213
What is the highest common divisor of 200 and 90?
10
What is the highest common divisor of 22 and 1991?
11
Calculate the highest common factor of 60 and 7500.
60
What is the greatest common divisor of 24 and 4008?
24
What is the highest common divisor of 103 and 49?
1
Calculate the greatest common divisor of 424 and 200.
8
What is the highest common divisor of 32071 and 13?
13
What is the highest common divisor of 204 and 12?
12
What is the greatest common factor of 21296 and 528?
176
What is the greatest common divisor of 2 and 14?
2
Calculate the highest common factor of 156 and 494.
26
What is the greatest common factor of 25 and 725?
25
What is the highest common divisor of 689 and 221?
13
Calculate the highest common factor of 10 and 355.
5
Calculate the greatest common divisor of 19 and 1026.
19
Calculate the greatest common factor of 34 and 2278.
34
What is the greatest common divisor of 40 and 30?
10
What is the greatest common divisor of 11679 and 51?
51
Calculate the greatest common factor of 2816 and 880.
176
Calculate the highest common factor of 288 and 1536.
96
Calculate the greatest common divisor of 18 and 1062.
18
What is the highest common divisor of 354 and 6?
6
Calculate the greatest common divisor of 646 and 34.
34
Calculate the highest common divisor of 1195 and 10.
5
Calculate the highest common divisor of 382 and 4.
2
What is the greatest common factor of 12 and 452?
4
Calculate the greatest common factor of 1701 and 9.
9
Calculate the highest common divisor of 48 and 6.
6
Calculate the greatest common divisor of 4 and 316.
4
Calculate the highest common factor of 352 and 4312.
88
What is the greatest common divisor of 39 and 13?
13
What is the highest common factor of 6 and 90?
6
What is the highest common factor of 55396 and 22?
22
What is the greatest common divisor of 75 and 50?
25
Calculate the greatest common divisor of 670 and 2.
2
What is the greatest common divisor of 91 and 949?
13
What is the highest common divisor of 60 and 108?
12
Calculate the greatest common divisor of 222 and 1406.
74
What is the greatest common divisor of 31 and 1457?
31
What is the greatest common divisor of 3664 and 208?
16
What is the highest common divisor of 45 and 171?
9
Calculate the highest common factor of 3751 and 605.
121
What is the highest common factor of 803 and 73?
73
What is the highest common divisor of 703 and 19?
19
What is the greatest common divisor of 24 and 1208?
8
What is the highest common factor of 105 and 189?
21
What is the greatest common divisor of 560 and 720?
80
Calculate the highest common factor of 1284 and 12.
12
What is the greatest common factor of 13 and 2197?
13
Calculate the greatest common factor of 432 and 162.
54
Calculate the greatest common divisor of 188 and 3572.
188
What is the highest common divisor of 11330 and 220?
110
What is the greatest common factor of 7 and 56?
7
What is the greatest common factor of 30 and 18360?
30
Calculate the highest common divisor of 58 and 145.
29
What is the highest common factor of 26 and 806?
26
Calculate the greatest common divisor of 36 and 96.
12
What is the highest common factor of 3636 and 12524?
404
Calculate the highest common divisor of 416 and 364.
52
Calculate the greatest common divisor of 15 and 150.
15
What is the greatest common divisor of 10 and 25?
5
What is the greatest common divisor of 2208 and 5244?
276
What is the highest common factor of 3300 and 1452?
132
Calculate the greatest common divisor of 1148 and 84.
28
What is the highest common factor of 9968 and 784?
112
Calculate the greatest common divisor of 220 and 10.
10
Calculate the greatest common factor of 63 and 261.
9
Calculate the highest common factor of 72 and 126792.
72
Calculate the greatest common divisor of 48 and 222.
6
Calculate the greatest common divisor of 31 and 713.
31
What is the greatest common divisor of 100 and 30?
10
What is the greatest common factor of 51 and 9231?
51
What is the highest common divisor of 79 and 1975?
79
Calculate the greatest common factor of 35 and 65.
5
Calculate the greatest common divisor of 10 and 151.
1
Calculate the highest common divisor of 513 and 108.
27
What is the greatest common factor of 4575 and 732?
183
Calculate the highest common divisor of 1474 and 1943.
67
Calculate the highest common divisor of 3626 and 686.
98
What is the greatest common divisor of 7 and 5404?
7
What is the greatest common factor of 1545 and 11433?
309
What is the highest common divisor of 39 and 3?
3
What is the highest common divisor of 4 and 1844?
4
Calculate the highest c